8*t**2 + 8 + 30*t**2 - 20*t**2 + t**q - 3*t. Give k(8).
-16
Let v be (18/39)/(10/65). Let s(n) = -4*n + 3. Give s(v).
-9
Let t be (54 + -46)*135/72. Let h(b) = 9*b - 119. What is h(t)?
16
Let t(c) = -c**3 + 30*c**2 + 24*c + 230. Let b be t(31). Let f(m) = -4*m + 51. Give f(b).
-1
Let u(y) be the second derivative of -1/12*y**4 + 2*y**2 + 0 - 4*y + 4/3*y**3. Suppose 5*m = -5*o + 60, 52*o - 4*m = 57*o - 55. What is u(o)?
11
Let x be 107018/803 + 6/(-22). Suppose -18*a = -x + 61. Let z(q) = 1 - 2 - 1 - q. What is z(a)?
-6
Suppose -15*w + 29*w + 42*w + 168 = 0. Let t(n) = 19*n + 13. Determine t(w).
-44
Suppose -14*x - 15 = -17*x. Suppose -u = -2*o - 5*u + 20, x*o + 5*u - 30 = 0. Let i(t) = 5*t + 303*t**2 - 304*t**o + t + 13. Give i(9).
-14
Suppose -5*x + 38 = q, -q - 44 = -5*x - 4*q. Let t(n) = 8*n + 32 - 38 - x*n. Determine t(6).
0
Let q = -611/6 - -102. Let w(c) be the third derivative of c**3 + 0 + q*c**4 + 0*c + c**2 - 1/60*c**5. What is w(5)?
1
Let r(b) = -327*b**2 + 3 + 149*b**2 + 177*b**2 - 3*b. Let l(g) = -2*g**3 + 10 - 22 + 9*g - 9*g**2 + 3*g**3. Let n be l(8). What is r(n)?
-1
Suppose 4*r - 39*h = -35*h - 48, 27 = -4*r - 3*h. Let y(k) = -4*k - 39. Determine y(r).
-3
Let l(v) = v**3 + 16*v**2 - 19*v - 34. Let a be l(-17). Let z(u) = u**3 + 7. Calculate z(a).
7
Suppose 4*q - 37 = -25. Suppose 11 = g - 5*r + q, 0 = 5*g + 3*r - 12. Let j(d) be the first derivative of d**4/4 - 2*d**3/3 - d**2 - 12. Determine j(g).
3
Let w(z) = z**3 + 217*z - 10*z**2 + 0*z + 9 - 3*z**2 - 217*z. Give w(12).
-135
Let y(n) = n + 1. Let d(b) = -5*b - 203. Let i be d(-41). Let w(s) = -s**3 - 8*s**2 - 3*s. Let x(j) = i*y(j) - w(j). What is x(-7)?
16
Let j(v) = -v. Let o(z) be the third derivative of z**4/12 - 5*z**3/6 - 25*z**2 - 3. Let w(h) = 3*j(h) + o(h). What is w(-7)?
2
Let y(l) = l**2 + 7*l - 33. Let p(m) = 94*m - 1609. Let u be p(17). Determine y(u).
11
Let z(m) be the second derivative of -m**3/6 - 7*m**2/2 + m + 174. Give z(-10).
3
Let s(x) = 108*x - 58. Let t(v) = 21*v - 12. Let a(n) = -3*s(n) + 16*t(n). Determine a(3).
18
Suppose 64*s - 52*s - 36 = 0. Let x be 6/((-7)/((-7)/2)). Let z(j) = -5 + 4 + x*j - 4*j. Give z(s).
-4
Suppose 4*m - 20 = 0, 19*x - 22*x - 2 = -4*m. Let b be (-15)/x + 4/16*2. Let f(q) = -q**2 - 3*q. Determine f(b).
2
Let g(u) = -6*u**2 - 1. Let m = 12 - 0. Suppose -2*d - 8 + m = 0. Determine g(d).
-25
Let k(d) = 22*d + 95. Let j(i) = 7*i - 8. Let x(m) = -7*j(m) + k(m). Give x(7).
-38
Suppose 656 = -36*s + 296. Let x(t) = 2*t**2 + 14*t - 66. Calculate x(s).
-6
Let c be (12 + -48 - -54) + (-57)/3. Let o(i) = 2 - 3 - 1 + 4*i. Give o(c).
-6
Let x(r) = -r**3 - 7*r**2 + 22*r + 94. Let t be x(-3). Let u(q) = -q**3 - 8*q**2 - 4*q - 5. Calculate u(t).
27
Let q(i) = i + 23. Let n(p) = -30. Let m(c) = -25. Let g(f) = 5*m(f) - 4*n(f). Let y(u) = 9*g(u) + 2*q(u). Let j be -3 - -3 - (0 - -3). Calculate y(j).
-5
Let o be -4*(2 - 7/28). Let u be o + (-36)/(-9) + 11 + -2. Let z(i) = 2*i**2 - 11*i - 3. Determine z(u).
3
Let f(h) = -h**3 + 1 + 48*h - 42*h + 2*h**2 + 0*h**3 - 2. Give f(4).
-9
Let q(b) be the first derivative of 11*b**4/2 - b**3/3 + 4. Let t be 16/(-6)*264/(-32). Suppose t = -4*h + 18. Determine q(h).
-23
Let a(x) be the first derivative of -x**4/4 - 17*x**3/3 - 7*x**2 - 28*x - 1065. What is a(-16)?
-60
Let n(d) be the third derivative of d**4/8 + 17*d**3/3 + 15*d**2 + 37. What is n(-9)?
7
Let f be (-7)/((-2800)/(-32)) + (-306)/(-75). Let p(d) = d**3 - 3*d**2 - 7*d + 5. Determine p(f).
-7
Let y = -228 - -222. Let x(w) = -w**3 - 4*w**2 + 15*w + 21. Let t be x(y). Let l(k) = -k**3 + 2*k**2 + k - 2. Calculate l(t).
-8
Let m(y) = -2*y**3 - 47*y**2 - 143*y + 47. Let z(k) = -k**3 - 24*k**2 - 72*k + 28. Let s(v) = 6*m(v) - 13*z(v). Determine s(-27).
-1
Let s = 2 + -2. Let j = 746 - 438. Let q(k) = k**2 - 6 + 308*k - j*k. What is q(s)?
-6
Let u(y) = -y**3 - 6*y**2 + 7*y. Let b = -328 + 312. Let s be 6/b - 742/112. What is u(s)?
0
Let r(k) = 6*k**3 + 115*k**2 + 19*k + 4. Let g be (-7 + -6 + -6)/(98/14 - 6). Give r(g).
4
Let h be (-14 - (-63)/7)*(-2)/5. Suppose 8 = -t + o, 4*t + h*o + 30 = 5*o. Let b(a) = a. Determine b(t).
-6
Let q(h) = 2 + 0 - h - 1. Let a be (2/6*1)/((-46)/(-414)). Suppose 2*x = 0, 0 = -2*l + 3*x - a + 13. Give q(l).
-4
Let g(u) be the second derivative of -u**5/20 - u**4/2 - u**3/2 - 7*u**2/2 + 3*u. Suppose -5*p = -14 - 46. Suppose -2*o - 5*f = p, -9*f = -12*f. Determine g(o).
11
Let q(x) = -100*x - 102*x - 98*x + 31 - 105*x + x**2 + 394*x. Determine q(9).
13
Let h(w) = w + 49. Let y(t) = 5*t**2 - 429*t + 357. Let x be y(85). What is h(x)?
66
Let h(l) = 2*l. Let o(s) = -49*s. Let z(j) = -j. Let t(b) = -o(b) + 42*z(b). Let a(q) = -2*h(q) + t(q). Calculate a(-4).
-12
Let h = 364 + -360. Suppose -5*t - 37 + 15 = -h*d, 5*t + 20 = 5*d. Let a(y) = y**3 + 5*y**2 - 7*y - 5. Calculate a(t).
1
Let n(p) = 31*p + 13. Let u(t) = 88*t + 37. Let w(f) = -17*n(f) + 6*u(f). Calculate w(2).
3
Let c(o) = -o**3 - 3*o**2 - 19*o - 202. Let a be c(-6). Let q(z) = z**3 - 21*z**2 + 19*z + 26. Calculate q(a).
6
Let u(d) = 3*d + 144. Let p(o) = 6*o + 156. Let k(m) = 6*p(m) - 7*u(m). Give k(4).
-12
Let h(u) = 1 - u - 6*u**2 + 2*u**2 - 2. Let k(g) = -2*g**3 - 15*g**2 + 189*g + 1069. Let r be k(-5). Give h(r).
-4
Let g(h) = 2 + 0 + 14523*h**2 - 14522*h**2 + 96*h - 89*h. What is g(-7)?
2
Let m(n) = -12*n + 3. Suppose -114*k = -73*k - 59*k + 18. Determine m(k).
-9
Let k(t) = -7*t**2 + 2*t - 33 + 9*t - 4*t - 3*t**3 + 2*t**3. Determine k(-8).
-25
Let a(v) = v**3 - 62 - 76 - 64 - 24*v**2 + 198. What is a(24)?
-4
Let k(v) = -36 - 6 + 22 - 10 - 11 + 11*v. Give k(6).
25
Let u(i) = -2*i**2 - 40*i - 37. Let t be u(-19). Let d(y) = 25*y + 6*y**2 - t + 0*y**2 - 23*y + 0. Give d(1).
7
Let u(n) = 2*n**2 - 13*n - 29. Let o = 5908 + -5900. What is u(o)?
-5
Let x(d) = -5*d**2 + d - 1. Let r(t) = -45*t**2 + t - 3. Let o(k) = r(k) - 3*x(k). Calculate o(1).
-32
Let u(y) = -15*y**2 + 9*y + 41. Let n(z) = z**2 + z + 6. Let j(w) = 7*n(w) - u(w). Calculate j(2).
85
Let q be 0/((-6)/(-9)*-3). Let f be 3 - 5 - -11*(q - -1). Let g(h) = 4*h**2 - 23*h - 3. Let x(v) = v**2 - 6*v - 1. Let u(n) = 2*g(n) - 9*x(n). Give u(f).
-6
Let v(d) = 2*d - 7. Let z = 586 - 584. Suppose 2*a + 22 = 2*m, -29*m + 26*m + z*a + 29 = 0. Determine v(m).
7
Suppose -14*j - 49 = -a, -a = -215 + 222. Let w(d) = 206*d + 819. Give w(j).
-5
Let f(b) = b**2 - 4*b - 6. Let c(d) = -d**3 + d**2 - 3*d + 66. Let q be c(0). Let o = q + -54. Let u be (0 - 9/2)*o/(-9). Give f(u).
6
Let u(a) be the third derivative of 1/60*a**5 + 11/24*a**4 + 0*a + 0 - 5/3*a**3 + 98*a**2. What is u(-11)?
-10
Let m(l) = -10*l**3 - 26*l**2 + 33*l - 29. Let c(q) = -3*q**3 - 9*q**2 + 9*q - 9. Let d(i) = -7*c(i) + 2*m(i). Calculate d(-9).
140
Let q = 25 - 10. Suppose 0*m + q = 4*m + v, -4*m = -3*v - 19. Let n(s) = -9 + 4 + m + s. Give n(3).
2
Let g(h) = h**3 - h - 10. Let j(c) = c**3 + 3*c**2 + 4*c + 4. Suppose 2*d = 7*d + 5. Let o be 6/(-8) + (-20)/(-16)*d. Let y be j(o). Calculate g(y).
-10
Let k(l) be the first derivative of -l**3/3 - 7*l**2/2 - 4*l - 3. Let c(i) = 4*i + 51. Let d be c(-14). Let j be 2*d/((-50)/(-35)). What is k(j)?
-4
Let o(k) be the first derivative of -k**3/3 - 6*k**2 - 23*k + 27. Let r be o(-10). Let p(i) = 2*i + 3. Calculate p(r).
-3
Let t be (2 - 1)*(-11)/(55/(-10)). Suppose w + 8 = t*j - 4*w, 0 = 2*w - 4. Let p(i) = 4*i - 2*i - j*i - i. What is p(-1)?
8
Let c(g) = -2*g - 2. Let m be c(-4). Let d(o) = o + 2. Let s(b) = -4*b - 14. Let u(r) = m*d(r) + s(r). Suppose -24 = -3*l - l. Give u(l).
10
Let q = 58303/38870 + 1/19435. Let j(f) be the first derivative of -3*f + q*f**2 - 3. What is j(5)?
12
Let n(k) = 2*k**3 - 2*k**2 - 19*k - 19. Let u = 27862 + -27858. Calculate n(u).
1
Let a = 432 - 430. Let u(n) be the third derivative of n**4/6 - n**3/6 + 2*n**2 + 6*n. Calculate u(a).
7
Suppose 0 = 3*b - 0*b - 3. Let k(t) = t - b - 3*t - 3 + 0. Let i = 17 + -13. Determine k(i).
-12
Let d(v) = -v**3 - v**2 - v - 10. Let q(o) = -20*o**2 + 262*o - 26. Let b be q(13). What is d(b)?
-10
Let m = 73 + -70. Let n(w) = 5*w + 342 + m*w**2 - 338 - 2*w**2. What is n(-6)?
10
Let v(b) = 14*b + 38. Suppose 4 = -5*r - 11. Let m be v(r). Let c(t) = t**2 + 8*t + 4. Determine c(m).
-12
Let a(f) = -f**3 + 4*f**2 - 34*f + 384. Let i be a(7). Let k(y)